 factors of 465718937?
19, 24511523
What are the prime factors of 238355311?
31, 7688881
List the prime factors of 1084121252.
2, 271030313
List the prime factors of 401633794.
2, 71, 773, 3659
List the prime factors of 462457326.
2, 3, 6143, 12547
What are the prime factors of 345672642?
2, 3, 7, 8230301
What are the prime factors of 554648138?
2, 11, 509, 49531
What are the prime factors of 69478113?
3, 29, 798599
What are the prime factors of 1795707172?
2, 7, 64132399
List the prime factors of 1901781820.
2, 5, 19, 127, 157, 251
List the prime factors of 1272163030.
2, 5, 127216303
List the prime factors of 195081584.
2, 23, 47, 11279
List the prime factors of 199756835.
5, 73, 617, 887
List the prime factors of 4706390975.
5, 11, 13, 467, 2819
What are the prime factors of 28379423?
28379423
What are the prime factors of 379240314?
2, 3, 107, 590717
What are the prime factors of 360278634?
2, 3, 2381, 25219
What are the prime factors of 6018285518?
2, 7, 337, 1275601
List the prime factors of 3726133283.
9857, 378019
What are the prime factors of 10475575?
5, 11, 3463
List the prime factors of 1891853755.
5, 11, 17, 183943
What are the prime factors of 11786494?
2, 5893247
What are the prime factors of 28544818?
2, 107, 133387
List the prime factors of 2323163.
47, 49429
List the prime factors of 15713451.
3, 13, 10331
What are the prime factors of 178327743?
3, 11, 491261
List the prime factors of 390147655.
5, 78029531
What are the prime factors of 65154897?
3, 17, 257, 1657
What are the prime factors of 16412985?
3, 5, 29, 12577
What are the prime factors of 2217620206?
2, 2267, 489109
List the prime factors of 245487220.
2, 5, 11, 19, 281
List the prime factors of 3127455669.
3, 13, 80191171
List the prime factors of 25101292.
2, 6275323
What are the prime factors of 24693806?
2, 19, 233, 2789
List the prime factors of 5279106951.
3, 17, 59, 97, 6029
What are the prime factors of 535248202?
2, 19, 741341
What are the prime factors of 97886629?
17, 29, 198553
What are the prime factors of 112324206?
2, 3, 18720701
What are the prime factors of 299392903?
7841, 38183
What are the prime factors of 174505765?
5, 7, 17, 107, 2741
What are the prime factors of 96215828?
2, 24053957
What are the prime factors of 1777491184?
2, 7, 331, 47947
What are the prime factors of 4193338163?
7, 31, 103, 163, 1151
What are the prime factors of 441719344?
2, 11, 359, 6991
What are the prime factors of 21732535?
5, 11, 395137
What are the prime factors of 408016939?
11, 1229, 30181
What are the prime factors of 110625414?
2, 3, 18437569
List the prime factors of 2515499.
7, 359357
List the prime factors of 275298373.
7, 39328339
List the prime factors of 1562319050.
2, 5, 31246381
What are the prime factors of 103619543?
103619543
List the prime factors of 1314425720.
2, 5, 17, 43, 44953
What are the prime factors of 32486480?
2, 5, 13, 31237
What are the prime factors of 882325295?
5, 103, 167, 10259
What are the prime factors of 27821327?
2617, 10631
List the prime factors of 106160063.
167, 635689
What are the prime factors of 348472976?
2, 21779561
List the prime factors of 3105395464.
2, 15017, 25849
List the prime factors of 48166372.
2, 17, 708329
List the prime factors of 35528597.
13, 379, 7211
What are the prime factors of 167268?
2, 3, 53, 263
What are the prime factors of 2460387740?
2, 5, 23, 5348669
List the prime factors of 23340552.
2, 3, 61, 107, 149
What are the prime factors of 145518479?
4523, 32173
What are the prime factors of 73771833?
3, 23, 41, 89, 293
What are the prime factors of 285689318?
2, 17, 8402627
List the prime factors of 124117561.
17, 7301033
List the prime factors of 28274322.
2, 3, 107, 44041
List the prime factors of 364064544.
2, 3, 46819
What are the prime factors of 31454951?
11, 167, 17123
What are the prime factors of 101793284?
2, 53, 480157
List the prime factors of 15604797.
3, 13, 400123
List the prime factors of 63514334.
2, 13, 2442859
List the prime factors of 36177078.
2, 3, 7, 193, 4463
List the prime factors of 96332267.
96332267
List the prime factors of 534619981.
7, 23, 613, 5417
List the prime factors of 183941592.
2, 3, 1907, 4019
What are the prime factors of 61029354?
2, 3, 17, 37, 103, 157
What are the prime factors of 67285799?
7, 1657, 5801
List the prime factors of 4180150.
2, 5, 13, 59, 109
What are the prime factors of 2263548817?
1699, 1332283
List the prime factors of 177901830.
2, 3, 5, 1976687
List the prime factors of 173625203.
31, 5600813
List the prime factors of 43531869.
3, 19, 37, 20641
List the prime factors of 7569529531.
17, 113, 3940411
List the prime factors of 89424837.
3, 3312031
What are the prime factors of 3193358340?
2, 3, 5, 97, 548687
List the prime factors of 1645746492.
2, 3, 13, 1709, 6173
List the prime factors of 165091475.
5, 19, 347561
List the prime factors of 577652377.
353, 409, 4001
List the prime factors of 234547149.
3, 101, 774083
List the prime factors of 75811048.
2, 9476381
What are the prime factors of 517024675?
5, 19, 47, 23159
What are the prime factors of 3756630977?
11, 31046537
List the prime factors of 71803965.
3, 5, 239, 20029
What are the prime factors of 302538847?
13, 887, 26237
List the prime factors of 152498777.
797, 191341
List the prime factors of 165066863.
13, 976727
List the prime factors of 3384161442.
2, 3, 23, 263, 31081
What are the prime factors of 419555371?
5107, 82153
What are the prime factors of 4634396272?
2, 11, 29, 47, 19319
What are the prime factors of 54170413?
11, 269, 18307
What are the prime factors of 1033597810?
2, 5, 7, 761, 19403
List the prime factors of 133322481.
3, 1129, 13121
What are the prime factors of 86530861?
86530861
What are the prime factors of 128315901?
3, 7, 191, 31991
List the prime factors of 121825349.
17, 37, 11393
What are the prime factors of 1199422081?
11, 13, 37, 226691
What are the prime factors of 42634133?
42634133
What are the prime factors of 25934570?
2, 5, 23, 112759
What are the prime factors of 69675858?
2, 3, 7, 552983
What are the prime factors of 85598023?
7, 12228289
List the prime factors of 3107824865.
5, 31, 53, 149, 2539
What are the prime factors of 49385458?
2, 24692729
List the prime factors of 89753895.
3, 5, 7, 11, 25903
What are the prime factors of 6419676581?
15149, 423769
List the prime factors of 34416434.
2, 13, 73, 18133
List the prime factors of 766330685.
5, 153266137
List the prime factors of 84829294.
2, 11, 101, 38177
What are the prime factors of 1137852450?
2, 3, 5, 7, 361223
What are the prime factors of 21278990?
2, 5, 733, 2903
What are the prime factors of 101126725?
5, 7, 577867
List the prime factors of 29698398.
2, 3, 467, 3533
List the prime factors of 883810873.
11, 29, 181, 15307
What are the prime factors of 1228169914?
2, 3371, 182167
List the prime factors of 154284776.
2, 113, 170669
What are the prime factors of 1281646915?
5, 17, 71, 212369
What are the prime factors of 3935994977?
3935994977
List the prime factors of 1079912694.
2, 3, 7, 41, 107, 5861
What are the prime factors of 3129158?
2, 29, 53951
What are the prime factors of 515487193?
13, 71, 558491
List the prime factors of 45612777.
3, 7, 310291
List the prime factors of 137861119.
11, 12532829
What are the prime factors of 3202470226?
2, 101, 3371, 4703
List the prime factors of 811919040.
2, 3, 5, 845749
What are the prime factors of 16358940?
2, 3, 5, 13, 6991
What are the prime factors of 27112369?
27112369
What are the prime factors of 994337921?
994337921
What are the prime factors of 83662292?
2, 7, 877, 3407
What are the prime factors of 283004633?
3301, 85733
List the prime factors of 3240726973.
11, 294611543
List the prime factors of 940344092.
2, 235086023
List the prime factors of 2496136.
2, 509, 613
List the prime factors of 43395096.
2, 3, 67, 26987
List the prime factors of 2716722316.
2, 7, 11, 809, 10903
What are the prime factors of 188576054?
2, 193, 488539
What are the prime factors of 60652017?
3, 2246371
What are the prime factors of 2752853533?
109, 547, 46171
What are the prime factors of 124037872?
2, 7, 29, 38189
What are the prime factors of 354849596?
2, 88712399
List the prime factors of 77267305.
5, 15453461
List the prime factor